me factors of c?
3, 7, 43, 53
Let h be -181*1*(9 - 10). Let f = h + 134. Suppose 10*y = -65 + f. What are the prime factors of y?
5
Let z = -62 + 30. Let h = z - -96. List the prime factors of h.
2
Let v = -12065 + 21781. List the prime factors of v.
2, 7, 347
Let g = -1029 - 173. Let k = -972 - g. List the prime factors of k.
2, 5, 23
List the prime factors of (-2)/(-12 + (-459860)/(-38322)).
3, 2129
Let s = 132 + -114. List the prime factors of 22/s - 2/9 - -11.
2, 3
What are the prime factors of 33/((-2178)/9812)*(-208 + 1)?
2, 3, 23, 223
Let i = 1778 - 392. Let o = i - 846. What are the prime factors of o?
2, 3, 5
Let l(m) = -17*m**2 + 12. Let g be l(-4). Let u = 582 + g. What are the prime factors of u?
2, 7, 23
Let z(h) be the first derivative of 2*h**3/3 + 43*h**2/2 + 168*h + 53. What are the prime factors of z(-32)?
2, 3, 5, 7
Suppose 0 = 4*x + 5*j - 6835, 4*j - 5*j + 6823 = 4*x. List the prime factors of x.
5, 11, 31
Let i be 91/35 + 2/5. Suppose -i*x = -0*x. Suppose -2*w + 67 = -3*d, x = 2*w + 2*d - 25 - 17. List the prime factors of w.
2, 13
Suppose -4*g - k - 678 - 63 = 0, 5*g = -3*k - 935. Let o be (-15)/(-6)*-1*4. What are the prime factors of 5/o*g + 2/(-1)?
2, 3, 5
Suppose 20*f + 2847 = 59*f. Suppose -82*j + f*j = -4950. List the prime factors of j.
2, 5, 11
Let f(u) = -1249*u - 891. What are the prime factors of f(-7)?
2, 13, 151
Let a = 81 - 78. Suppose -5533 = -5*w - a*d, -4444 = -4*w - 0*w + 2*d. List the prime factors of w.
1109
Suppose 30 = -3*i + 33, -2*i = -4*w + 154150. List the prime factors of w.
2, 3, 2141
Suppose 63694 + 48131 = 71*k. List the prime factors of k.
3, 5, 7
Let i = 9146 + -3843. What are the prime factors of i?
5303
Let b = 22846 + 16635. What are the prime factors of b?
13, 3037
Suppose -24*w - 7 = -23*w. List the prime factors of w/((-35)/(-950))*1*-3.
2, 3, 5, 19
Let h = 462 + -439. Suppose -8*t + h*t - 735 = 0. What are the prime factors of t?
7
Suppose 6*w - 53 - 19 = 0. Suppose -2*g + 344 = -w. What are the prime factors of g?
2, 89
Suppose 9*i - 39324 = -3747. What are the prime factors of i?
59, 67
Let k be ((-33)/9 - -4)*-3. Let l be k*(-4)/3*(2 + 1). Suppose m = l*m - 411. What are the prime factors of m?
137
Suppose -2*j - 2 = -0. Let t be 11 + j*(-8 - -4). Let b(n) = 3*n**2 - 37*n - 6. List the prime factors of b(t).
2, 3, 19
Suppose -o = -5*r + r - 10, -5*r - 44 = -3*o. Let g(u) = -2*u - 32. Let b(c) = -5*c - 63. Let z(d) = -3*b(d) + 5*g(d). What are the prime factors of z(o)?
7, 17
Let m(c) = 174*c**2 - 3179*c. What are the prime factors of m(-7)?
7, 4397
Suppose 0 = -5*r + v - 6*v - 2065, 4*r + 2*v + 1656 = 0. What are the prime factors of (30 - r) + 1*-3?
2, 13, 17
Let z(p) = -13*p**3 - 3*p**2 + 2*p - 5. Let r(b) = 25*b**3 + 5*b**2 - 4*b + 10. Let n(c) = 6*r(c) + 11*z(c). What are the prime factors of n(4)?
397
Let x(k) be the first derivative of -283*k**2/2 - 7*k - 75. List the prime factors of x(-3).
2, 421
Let a = -1104 - -977. Suppose -3*n = 45 + 90. Let m = n - a. List the prime factors of m.
2, 41
Suppose 0 = y + 3*b - 184 - 279, 0 = 4*y - 5*b - 1920. Suppose -5*w = -2*z + 245, -2*z + y = 2*z + 5*w. What are the prime factors of z?
2, 3, 5
Let m be (9/6)/((-3)/(-4)). Let o(f) = -4 - f**m - 3*f**3 + 0*f**3 + f**3 - 5*f - 6*f**2. What are the prime factors of o(-5)?
2, 3
Suppose -5*f - 2*w + 340522 = -4*w, -6*w + 272410 = 4*f. List the prime factors of f.
2, 8513
Let d(s) = 5*s - 27. Let c be d(6). Suppose 5*w - 4*w = -c*v + 697, v = -4*w + 2821. List the prime factors of w.
2, 353
Let w be (-1 - 1)/((-28)/70). Suppose -2*t + 7 = w*t. Suppose 247 = 3*g + t. What are the prime factors of g?
2, 41
Suppose -309033 = -29*p - 25732. What are the prime factors of p?
9769
Let y(l) = l**3 + 11*l**2 + 19*l - 16. Let k be (-61)/7 - (-4)/(-14). Let n be y(k). Let b = n + 149. List the prime factors of b.
2, 31
What are the prime factors of ((-2018)/(-3))/((-6)/630*-10)?
7, 1009
List the prime factors of 62967*((-390)/45 - -9).
139, 151
Suppose -60443 = -2*b + 5*n, -23*b = -28*b + 2*n + 151118. List the prime factors of b.
2, 1889
Let l be (3 - 9)/((-8)/(-12)). What are the prime factors of 18/12*(-5538)/l?
13, 71
Let s(i) = -33*i - 19. Let h(d) = -760*d - 437. Let j(f) = 5*h(f) - 114*s(f). List the prime factors of j(-3).
5, 19
Suppose 10*a = -3*r + 5*a + 4078, -3*r = a - 4058. Suppose r = 6*c - 1601. What are the prime factors of c?
2, 3, 41
Let z(j) = 2*j**3 - 24*j**2 - 10*j - 7. Let f be z(13). Let g = f + 21. What are the prime factors of g?
2, 3, 37
Suppose 596 = 29*p + 132. Suppose p*b - 624 = 992. What are the prime factors of b?
101
Let t = 1891 - 2835. Let g = 1571 + t. What are the prime factors of g?
3, 11, 19
Let g(f) be the first derivative of -47*f**2/2 - 20*f - 27. What are the prime factors of g(-9)?
13, 31
Suppose -d = 4 - 5. Let u be -7 - (-11 - d) - (0 + 0). Suppose -6*z = -z + u*x - 140, 3*x = 3*z - 78. What are the prime factors of z?
3
Let o(s) be the second derivative of 23*s**4/6 + s**3/2 - 11*s**2 - 2*s + 279. What are the prime factors of o(5)?
3, 127
Let u be (-9320)/48 - (-2)/12. Let q = -35 - u. What are the prime factors of q?
3, 53
Let z(d) = -5*d**2 - 2*d + 2*d + 5*d - 7 + 6 - d**3. Let g be z(-6). Let h = 83 - g. List the prime factors of h.
2, 3, 13
Let d(a) = -211*a**3 - 12*a**2 - a - 9. What are the prime factors of d(-5)?
29, 31
Let j = 85789 + -58974. List the prime factors of j.
5, 31, 173
Let w be (-4)/14 + 483/147. Suppose w*o = 6*o, 5*g + 2*o = 45. Suppose g = l - 35. List the prime factors of l.
2, 11
Let k(n) = -154*n - 1478. List the prime factors of k(-49).
2, 37, 41
Suppose 4*u + 7*m = 10*m + 3818, 0 = -u - 5*m + 966. Suppose -u = -4*n + 1448. What are the prime factors of n?
601
Let n(f) be the third derivative of f**6/120 - 31*f**5/60 + 11*f**4/6 - 29*f**3/6 + 35*f**2. List the prime factors of n(30).
17, 23
Suppose -1240154 + 35392 = -31*g + 15088. List the prime factors of g.
2, 5, 787
Suppose 132*v - 22*v - 46387 = 248633. What are the prime factors of v?
2, 3, 149
Let w(k) = -5*k**3 - 34*k**2 - 21*k + 77. What are the prime factors of w(-15)?
59, 163
Let a = -73 + 72. Let s be 5*a/(-30) - (-2)/(-12). Suppose -4*u + 3*n + 1084 = s, 2*u + 2*n = 387 + 141. List the prime factors of u.
2, 67
Let z be (-12)/9*18/(-4). Suppose 4*s - z*s + 1112 = 0. List the prime factors of s.
2, 139
Suppose 4*z = -h + 4199 - 1567, -2*h + 3*z = -5297. Suppose -1440 = -4*s + 4*b, 5*s = -5*b - 844 + h. List the prime factors of s.
2, 3, 5
Let d(f) = -6*f**3 - 14*f**2 + 25*f + 143. What are the prime factors of d(-17)?
2, 5, 503
What are the prime factors of (1462811/134)/(((-49)/4)/(-7))?
2, 3119
Suppose 11*r - 12 = 8*r. Suppose 5*l + 36 = 2*u - 27, -120 = -r*u + 4*l. Suppose 36*w - 1239 = u*w. List the prime factors of w.
3, 59
Let d(p) be the second derivative of p**4/12 + 25*p**3/6 + 4*p. Let t be d(-25). Suppose t = m + 83 - 318. What are the prime factors of m?
5, 47
Suppose 4*p = 4*j - 1680, 19*p - 16*p = -3*j + 1236. Let k = j + 460. What are the prime factors of k?
2, 3, 73
Let s = -6025 - -8285. What are the prime factors of s?
2, 5, 113
Suppose 5*i - 60563 = h, -3*i + 2*h + 1208 + 35134 = 0. What are the prime factors of i?
2, 757
Let b(v) = -2492*v + 876. List the prime factors of b(-13).
2, 4159
List the prime factors of (-2 + 1 + (-19)/3)*(50 + -4115).
2, 5, 11, 271
Suppose s - o = -0*s - 21, -4*s + 5*o - 89 = 0. Let l = 645 - 571. Let u = l - s. List the prime factors of u.
2, 3, 5
Suppose 46 = -2*a + 50. Suppose -a*n + 5*b + 582 = 0, 3*n - 4*b = -2*n + 1472. List the prime factors of n.
2, 37
Let r = -131 + 73. Let l = 103 + r. Suppose -u + 2 = -l. List the prime factors of u.
47
Let j(p) = -539*p - 152. What are the prime factors of j(-12)?
2, 1579
Suppose 28040 = -23*v + 56209 + 111786. List the prime factors of v.
5, 1217
Let z(y) = -2*y**3 - 58*y**2 - 32*y - 260. What are the prime factors of z(-31)?
2, 11, 13
Let u be (26/(-6))/(55/(-18) - -3). Let m be 450/(-8) + (-3)/(-12). Let f = m + u. What are the prime factors of f?
2, 11
Let g(q) = 8989*q - 586. What are the prime factors of g(2)?
2, 1087
Suppose 196*x - 73*x = 4006479. List the prime factors of x.
32573
Let m(t) = -t**3 + 11*t**2 - t + 42. Let p be m(7). Suppose u - 704 = -3*h + 5*